) = -4*g**3 + g**2 + 4. Let j = -148 + 95. Let s = 51 + j. Calculate the remainder when m(s) is divided by 14.
12
Let d be (-7)/((-2)/(-1088)*-4). What is the remainder when -6 - (-6 - d) - -5 is divided by 32?
29
Suppose 159586*h + 21260 = 159591*h. Calculate the remainder when h is divided by 52.
40
Let n be (-2)/(-7) + 95*666/(-63). Let a = 74 + -32. Calculate the remainder when n/(16/4)*-1 is divided by a.
41
Suppose 10 = 5*x, -11*g + 27*x - 31*x = -9468. What is the remainder when g is divided by 15?
5
Let y(m) = 13*m**2 + 2*m - 1. Suppose 26*a - 2745 = 646 - 167. Calculate the remainder when a is divided by y(1).
12
Suppose -o + 132 = 3*o. What is the remainder when o is divided by -3*(-13 - -6) - (2 + (-4 - -8))?
3
Let m(x) = x**2 - 24*x + 24. Let j be m(28). Suppose -262 + j = -7*z. Calculate the remainder when 89 is divided by z.
17
Suppose 63*h = 66*h - 6. Suppose -h*k = -4, -13*v + 219 = -10*v - 3*k. Calculate the remainder when 522 is divided by v.
72
Let g(f) = f**3 - 2*f**2 + f + 86. Let t be g(0). Suppose -5*p + 106 - t = 0. Calculate the remainder when 12 is divided by p.
0
Let f = 9653 + -9626. Calculate the remainder when 1339 is divided by f.
16
Let l(p) = 5*p**2 - p - 1. Let o(v) = -v**3 - v**2 + 11*v - 4. Let m be o(-4). Suppose 22*f + 6*f - 2184 = m. What is the remainder when f is divided by l(-2)?
15
Suppose 296*n - 12800 = 136*n. What is the remainder when n is divided by 36?
8
Suppose 404 = -30*d + 34*d. Suppose -d*t + 103*t = 46. Suppose 0 = 3*g - 12 - 0. What is the remainder when t is divided by g?
3
Let d = 87 + -42. Let s(z) = 3*z**2 - 36*z + 113. Calculate the remainder when d is divided by s(8).
11
Suppose 24 = -94*g + 93*g. Suppose -j + 12 = 3. What is the remainder when g/(-60) - 369/(-15) is divided by j?
7
Calculate the remainder when 1436 is divided by ((-36)/48)/((-3)/284).
16
Let r(o) = -6*o**2 + 25*o - 100. Let v be r(11). Let b = -491 - v. Calculate the remainder when b is divided by 53.
7
Suppose 5*h - 6*h + 4*t + 55 = 0, -2*h + 6*t + 102 = 0. What is the remainder when 542 is divided by h?
35
Suppose 0 = -3*x - o - 4*o + 573, 796 = 4*x - 4*o. Calculate the remainder when (x/3 - -2)*(-36)/(-24) is divided by 6.
5
Let t = -220 + 221. Let k(x) = 74*x**3 - 3*x**2 + x. Calculate the remainder when k(t) is divided by 21.
9
Let i(q) = 474*q + 13782. Calculate the remainder when i(-29) is divided by (-2)/6 - 128/(-6).
15
Suppose 5*y + 5 = 0, y - 7 = -3*t - 2. Suppose -t*d + 3*d = 64. Suppose 15*n - 871 = -50*n - 2*n. Calculate the remainder when d is divided by n.
12
Let w be (-2)/12 + -3 + 7525/(-30). Let x = 283 + w. What is the remainder when 84 is divided by x?
26
Let n = 110 + -105. Let u(w) = -n*w - 156*w**2 - 6*w - w**3 + 146*w**2. Calculate the remainder when 89 is divided by u(-9).
17
Let b = -2008 - -2018. What is the remainder when 4299 is divided by b?
9
Let w = 561 + -536. Let d(c) = -c**3 + c**2 + 3*c + 1. Calculate the remainder when w is divided by d(-2).
4
Let h = 362 + -28. Suppose 3 = 3*m, 3*x = -5*m + 272 + 33. Let f = x - 76. What is the remainder when h is divided by f?
22
Let v = 13783 - 860. Calculate the remainder when v is divided by 36.
35
Suppose -169523 = -315*l - 132932 + 186429. Calculate the remainder when l is divided by 145.
128
Suppose a + a - 4*u - 14 = 0, -7 = -a - u. Suppose -20 - a = -3*j. Suppose j*b - 18*b + 99 = 0. Calculate the remainder when b is divided by 10.
1
Let g be 68/2*(-28)/8. Calculate the remainder when 340/g*91/(-2) is divided by 19.
16
Suppose -3*q = 15, -a - 26 = 5*q - 3. Suppose y = -3*l + 38, y + 53 = 2*l + a*l. Let t = -110 + 159. What is the remainder when t is divided by l?
10
Let n(l) = -3*l + 63. Let a be n(13). Suppose 17 = a*c - 103. What is the remainder when 29 is divided by c?
4
Suppose -c - c + 2*v + 64 = 0, -4*c - 2*v + 134 = 0. Calculate the remainder when c is divided by 4/(-10) - 59/((-9145)/2232).
5
What is the remainder when (-308 + 304)*5638/(-8) is divided by 6?
5
Suppose -15 = c + 4*c, 3*s = -5*c - 6. Suppose -5*t + 3 - 8 = 0, -2*t = -s*x + 29. Suppose 516 = 4*u + 388. What is the remainder when u is divided by x?
5
Suppose 2664 = -39*j + 3*j. What is the remainder when 89 is divided by j/4*(-39 - -37)?
15
Suppose -297 = -90*z + 963. Let d(t) = -9*t**2 + 2*t + 4. Let y be d(-4). Let x = -81 - y. What is the remainder when x is divided by z?
11
What is the remainder when 8335/45 - (-2)/(-9) is divided by (399/(-95))/(48/(-240))?
17
Let t(c) = -84*c + 49. Calculate the remainder when t(-6) is divided by 26.
7
Let i(h) = h**2 + 3*h + 5. Let q(u) = -u**2 - 8*u - 9. Let z be q(-7). Let b be i(z). What is the remainder when 38 is divided by (-1 - 4)/(1/(-6)*b)?
8
Let d be ((-1)/(-2))/((-39)/24726) + 3. Let a = 1446 + -912. Let f = d + a. What is the remainder when f is divided by 37?
35
Let f(g) = -17*g + 156. Let a be f(18). Let k = 192 + a. Suppose 0 = 5*u - 3*u - 22. Calculate the remainder when k is divided by u.
9
Suppose 53*i + 14*i - 5278 = 9*i. Calculate the remainder when i is divided by 25.
16
Let n = 500 + -211. Suppose -m = 188 - n. Calculate the remainder when m is divided by 30.
11
Let w(o) = 10*o**3 - 5*o**2 - 4*o - 16. Calculate the remainder when w(5) is divided by 13.
10
Suppose -176*i + 30323 = 39*i + 2158. What is the remainder when 10609 is divided by i?
129
Suppose 48*o - 384 = 44*o. What is the remainder when (-92 - 0)*(-120)/o is divided by 13?
11
Suppose -g = 4*i + 3, -9 = 2*i + g - 6. Let d(f) = -f**3 + f**2 - 2*f + 63. Let h = 1 + 32. Calculate the remainder when d(i) is divided by h.
30
Let h = 7257 + -3497. Calculate the remainder when h is divided by 71.
68
Let c = 493 + -485. Let j(l) = 2*l**2 - l - 101. Calculate the remainder when 173 is divided by j(c).
2
Suppose -600 + 208 = -2*a. Suppose 0 = -7*w - 3*y + 207, -2*y - 3*y + 59 = 3*w. Calculate the remainder when a is divided by w.
31
Let o(s) = -10 - 6 + 8*s + 15. Calculate the remainder when ((-44)/(-4) - -6)/1 is divided by o(1).
3
Let l = 34 - 19. Let r be -1 - (-54)/3*45/(-6). Let y = -77 - r. Calculate the remainder when y is divided by l.
14
Let s(z) = -z**3 + 6*z**2 + 3*z - 6. Let m(u) = -3*u**2 - 20*u - 15. Let j be m(-9). Let b = j - -110. Calculate the remainder when b is divided by s(6).
8
Calculate the remainder when 4 - (6/8)/((2/14264)/(-1)) is divided by 51.
49
Let q = -2361 + 2680. Calculate the remainder when 964 is divided by q.
7
Let c = 28165 - 28105. Let z be -2*78/(-4) + -1. Suppose 3*d - 13 = z. What is the remainder when c is divided by d?
9
Let l(d) be the first derivative of -d**3/3 - 5*d**2 + 21*d + 7. Let a(n) = 6*n**2 + 7*n + 7. What is the remainder when a(-5) is divided by l(-10)?
17
Suppose -2081 - 32252 = -144*j - 5245. What is the remainder when j is divided by 109?
93
Let r = -9200 - -9234. Calculate the remainder when r is divided by (1 - 0)*(8 - 1).
6
Let a(l) = -9*l - 253. Let n be a(-28). Let h(q) = -20*q**3 + 2*q**2 - q - 2. What is the remainder when 133 is divided by h(n)?
7
Let p = 177 - 177. Calculate the remainder when 47 is divided by 2/(((-30)/(-39))/5 - p).
8
Suppose 5*z - z = 3*z + 1614. Calculate the remainder when z is divided by 16.
14
Suppose 0 = 5*g + 2*h - 22, -3*g + 28*h - 32*h + 2 = 0. Let y(w) = -26*w - 53. What is the remainder when y(-8) is divided by g?
5
Suppose 9*h - 720 = h. What is the remainder when 174 is divided by 1 + -1 + h/3?
24
Calculate the remainder when 1301 is divided by -176*(-55)/880 - (-7 + (-1 - -2)).
9
Calculate the remainder when 807 is divided by 9 - (-14)/(0 - -14).
7
Suppose 0 = 108*h - 57*h - 3570. What is the remainder when h is divided by 3?
1
Let m be -6 + ((-28)/(-42) - 44/(-6)). Suppose -35 = -3*t - m*w + 92, -t + 35 = -3*w. Calculate the remainder when t is divided by 9.
5
Suppose -1612 + 1777 = 5*u. Let a(p) = -51*p + 3. Let c be a(-5). Calculate the remainder when c*1/(-1 + 3) is divided by u.
30
Suppose 0 = -189*g - 694350 + 2044566. Calculate the remainder when g is divided by 9.
7
Calculate the remainder when 1123 is divided by 145 - 240/(-18 + 3).
157
Suppose 0 = -x + 5*s - 4*s + 506, -4*s - 24 = 0. Calculate the remainder when x is divided by 149.
53
Suppose 11*k - 9785 - 7056 = 0. Suppose 0 = -5*p + 2*f + k, 4*p + 5*f - 1184 = 21. Calculate the rema